9 = -w + p - 15, 2*p + 217 = 3*w. Calculate the greatest common factor of 483 and w.
69
Let l(n) = n + 1. Suppose 0*m - 2*m = 22. Let h be l(m). Let x be 1/(-2)*80/h. What is the greatest common factor of x and 2?
2
Suppose 5*o + 2*u - 106 = 3*u, -3*o = 5*u - 58. Calculate the highest common factor of o and 6.
3
Suppose 3*v = 3*u + 1710, 2*v - 4*u = 705 + 441. Calculate the greatest common divisor of v and 54.
27
Suppose 0 = -g - 3*x + 17, -3*g - 10*x + 5*x + 51 = 0. What is the highest common divisor of g and 17?
17
Suppose 8 = -6*k + 8*k. Suppose 4*y - 5*a - 58 = 0, 4*a - 14 = -y + 5*a. Let h be ((-5)/k)/((-1)/y). What is the highest common divisor of 6 and h?
3
Let y = -18 + 19. Suppose 1 = w - y. What is the highest common factor of w and 2?
2
Let j(l) = 16*l**3 + l**2 - l + 3. Let r be j(2). Let k = r + 49. What is the greatest common factor of k and 26?
26
Suppose 12*y - 797 = 115. Let g = -64 + y. What is the highest common factor of 156 and g?
12
Suppose 11*s = -0*s + 77. Let y be 4 - (-1 + s/(28/12)). Calculate the highest common factor of y and 3.
1
Let v(q) = q**3 + 7*q**2 - 4*q + 10. Let p be v(-7). Let s = p - 24. Calculate the highest common factor of 126 and s.
14
Let m(d) = d**3 + 6*d**2 - 10*d - 3. Let s be m(-7). Suppose -8*q + s = -7*q. Calculate the greatest common factor of 72 and q.
18
Let p(x) = 12*x**3 - 2*x + 1. Let s be p(1). Let u = s - -19. Calculate the greatest common divisor of u and 90.
30
Let l be ((-2117)/(-58))/((-1)/(-2)). Calculate the highest common divisor of l and 1.
1
Suppose -12*i - 630 = -10*i. Let r be (-1 - -1)/(-4) - i. Calculate the highest common divisor of 35 and r.
35
Let c(r) = r**3 + 25*r**2 - 5*r - 20. Let w = 132 + -157. Let p be c(w). What is the greatest common divisor of p and 45?
15
Let y = 46 - 41. Suppose -y*x + 100 = q - 6*q, 5*x = 4*q + 96. Calculate the greatest common divisor of 2 and x.
2
Let s(g) = g**3 - 10*g**2 - 16*g + 2. Let n be s(12). Let z be ((-20)/(-12))/(3 + n/(-36)). What is the highest common factor of z and 6?
6
Suppose 0 = -g - 2*b + 6, 3*g - 2*b - 25 = -b. Suppose g*i - 52 = 20. Calculate the greatest common factor of 9 and i.
9
Let q(o) = -o**2 + 9*o - 4. Let p be q(8). Suppose 2*v + 22 = 4*v - p*m, -5*v + 5*m + 60 = 0. Calculate the greatest common factor of v and 65.
13
Suppose -3*c - 55 = -8*c. Suppose 2*i + 1032 = 1186. Calculate the highest common divisor of i and c.
11
Let s = -958 - -1030. Calculate the highest common divisor of s and 156.
12
Let i(w) = 2*w**3 + 2*w**2 + w - 7. Let n be i(3). What is the highest common factor of n and 476?
68
Suppose -14*u - 600 = -2084. Let v = u + -30. What is the highest common divisor of v and 19?
19
Suppose -2*a + 5 + 3 = 0. Let i be (-6 + a)/(-2) - -6. What is the greatest common factor of i and 14?
7
Let f = 62907 + -62851. Let z(k) = 3*k**2 - 1. Let x be z(1). Suppose h = -x*h + 21. Calculate the greatest common divisor of h and f.
7
Let c = 78 - 82. Let s be 3/(-3)*c - 7/7. What is the highest common factor of s and 1?
1
Let g = -135 + 146. What is the greatest common divisor of g and 352?
11
Let y be (-756 - -4)/(-4) + -5. Calculate the greatest common factor of y and 61.
61
Let a be (-2103)/(-5) - (-14)/35. Suppose -a = -7*o - 57. What is the greatest common factor of o and 26?
26
Let s be 129 - (53/(-1007) + (-416)/38). Let g(v) = 3*v**2 + v - 4. Let w be g(-3). What is the highest common divisor of s and w?
20
Suppose 30 = 2*v - 0*v. Let l(t) = -12*t + 9. Let q be l(5). Let w be 2 - (1 + -1) - (8 + q). What is the highest common divisor of w and v?
15
Let b = -48 - -56. What is the greatest common factor of b and 2?
2
Suppose -5*p - 6 = -131. Let t = -22 + p. Suppose t*g + g = 80. Calculate the greatest common factor of g and 60.
20
Suppose 12*q = -22*q + 12240. Calculate the highest common divisor of 8 and q.
8
Let f be 2505/4 + (-6)/24. Suppose -5*i + f = -364. Calculate the greatest common factor of 22 and i.
22
Let t(g) = 14*g + 96 + g**2 - 2*g**2 - 77. Let s be t(14). Calculate the highest common factor of s and 171.
19
Let v = -315 + 343. Calculate the highest common divisor of 448 and v.
28
Let b = 723 - 196. Calculate the highest common divisor of 31 and b.
31
Suppose 0 = -0*l - 2*l + 62. Suppose 0 = -5250*y + 5247*y + 744. What is the highest common divisor of y and l?
31
Let a be (1 - 4/(-1))*3075/123. What is the highest common factor of 2 and a?
1
Let c be (-8 - 1470/(-18))/((-1)/(-3)). What is the greatest common factor of 17 and c?
17
Suppose 0 = 2*z - 6 + 4. Let m(f) = -f**3 - 7*f**2 - 2*f - 9. Let w be m(-7). Calculate the highest common divisor of z and w.
1
Let z = -48 - -147. Let q = z - 91. Calculate the highest common factor of 88 and q.
8
Let y be 4/(-22) + (-11106)/(-99). What is the highest common factor of 14 and y?
14
Suppose -4*q - 2*v = -2, 4 = 5*q - 2*v + 6*v. Suppose q = 5*b - 100 - 40. Calculate the highest common divisor of 84 and b.
28
Let p(g) = 39*g**2 + 5*g + 1. Let i be p(-2). Suppose 2*m - i - 15 = 0. What is the highest common divisor of m and 54?
27
Let j = 5 + -1. Suppose -j*s = -5*z + 128, 0 = -2*s - 4. Calculate the highest common divisor of z and 16.
8
Suppose 145 = 2*j - 3*v, 5*v = 2*j - 6*j + 323. Let p(r) = 61*r + 556. Let b be p(-9). Calculate the greatest common factor of j and b.
7
Suppose 0 = -2*n + 4*b + 266, -14 = n + 3*b - 122. Let c = n - 74. Suppose -c - 51 = -5*r. What is the greatest common factor of 4 and r?
4
Let v(u) = -u**3 - 10*u**2 - u - 1. Let t be v(-10). Let c(y) = 20*y - 634. Let b be c(32). Calculate the greatest common divisor of b and t.
3
Let a = 7 + -9. Let i be 60/8 + (-1)/a. Let w be (-56)/(-32)*i/1. Calculate the highest common factor of w and 154.
14
Suppose 1913 = 13*b - 1792. Calculate the greatest common divisor of 15 and b.
15
Suppose 4*k - 174 = 2*l - 178, -5 = -5*k. Let d(u) = -91*u + 1. Let h be d(-1). What is the highest common factor of l and h?
4
Let r be (-204)/(-9) + (-4)/6. Let u = r + -13. Suppose -2*d + 3*d - 18 = 0. Calculate the highest common factor of d and u.
9
Let n be -3*(-1 - 17/3). Let w be (-4)/(-5)*(-200)/(-16). What is the greatest common factor of w and n?
10
Suppose 3049*r + 64 = 3050*r. Let y be (6/15)/(2/40). What is the highest common factor of r and y?
8
Let c be 5/(-25) + (-338)/10. Let o = c - -44. Let p = -81 - -131. What is the greatest common factor of o and p?
10
Let g be (-38)/(-4)*(-4 + 6). Suppose 0 = -5*p - 3*r + 294, -231 = p - 5*p - r. Calculate the highest common divisor of p and g.
19
Suppose -16*g + 14*g + 2 = 0. What is the greatest common factor of 19 and g?
1
Let z be (-10*(-8)/20)/(24/156). Let q = 32 + -18. Suppose 3*x = -4*d + 159, -d + 20 + q = -5*x. What is the highest common factor of d and z?
13
Let k = 146 + -92. Let r(s) be the second derivative of s**5/20 - s**4/6 + s**3/3 + s**2 - 9*s. Let u be r(2). What is the highest common factor of k and u?
6
Let k = -193 + 85. Let y = k - -163. What is the greatest common factor of 11 and y?
11
Let k = -121 + 167. Suppose -7*y + 2*y + 15 = 0. Suppose 233 = 2*m + y*f, -464 = 2*m - 6*m - 4*f. Calculate the highest common divisor of k and m.
23
Suppose -59*r + 64*r = -5*l + 6925, 4*l = 20. What is the greatest common factor of 12 and r?
12
Let q(s) = s**2 - 16*s + 8. Let n be q(15). Let h be 29 + n + 1 + -5. Calculate the highest common divisor of h and 45.
9
Suppose -71*q = -74*q + 63. Calculate the highest common divisor of q and 49.
7
Let i = 100 + 238. Calculate the greatest common divisor of 26 and i.
26
Let v = -8 + 9. Let g be v - (4 + -2) - -28. Let r = -30 + 48. What is the greatest common factor of r and g?
9
Let a(v) = v**2 + 6*v + 5. Let s(n) = -n**2 - n + 2. Let f be s(0). Let u be -2*f + (-10 - -7). Let c be a(u). What is the greatest common factor of 24 and c?
12
Let s be 2 - -4*4/8. Suppose -3*p - 2*p = 2*o - 65, 0 = p - s*o - 13. Calculate the greatest common divisor of p and 65.
13
Suppose -1177 = -29*i + 9959. Calculate the greatest common factor of 36 and i.
12
Let d(j) = 2*j + 75. Let x be d(-9). What is the greatest common factor of x and 133?
19
Suppose -2*t = -146 - 22. Suppose 3*v = 3*p - t, v - 84 = -2*p - 4*v. Let z(s) = 18*s + 120. Let g be z(-4). Calculate the greatest common divisor of g and p.
16
Let k